st common factor of 1925 and p.
11
Let g(z) be the second derivative of 17/2*z**2 - 1/6*z**3 - 33*z + 0. Let a be g(11). What is the highest common factor of 2 and a?
2
Suppose -4*d + 355 + 5 = 0. Let v = d - -75. Let t(j) = 11*j + 4. Let m be t(1). Calculate the highest common divisor of v and m.
15
Suppose 0 = -17*c - 0*c + 68. Let r be 14 - (c - (-4)/(12/(-21))). Suppose r*l + 168 = 20*l. Calculate the greatest common divisor of l and 42.
14
Suppose 66 = -84*l + 2922. What is the greatest common factor of l and 32?
2
Let g(k) = -k - 1. Let z be g(7). Let s = z + 34. Let l = s - 24. Calculate the greatest common divisor of 22 and l.
2
Let z be -40 + -1 + -4 + 0 + 5. Let x = 42 + z. Suppose -4*t = -x*f - 52, -12 = -3*t + 3*f + 21. Calculate the greatest common factor of t and 60.
15
Let o(p) = 7*p**2 - 449*p + 512. Let q be o(63). Let n be (-9)/(-2)*(-24)/(-9). Calculate the highest common divisor of n and q.
4
Let x(m) be the first derivative of -m**3/3 - 27*m**2/2 - 20*m + 19. Let i be x(-25). Calculate the greatest common divisor of i and 30.
30
Suppose -2*m - 16 = 3*c, 5*c = 4*c - 3*m - 3. Let w(v) = -7*v - 37. Let b be w(c). Let k = b - -33. What is the highest common factor of 95 and k?
19
Suppose 0 = 67*u - 88*u + 4704. What is the greatest common factor of u and 266?
14
Suppose -2198 = 779*g - 936*g. Let r = 401 + 33. Calculate the greatest common factor of g and r.
14
Let t be 36/(-5)*(-10)/3. Suppose 4*y = -w - 11 + 177, 2*w - 2*y = 382. Let c = w - 170. Calculate the highest common divisor of t and c.
8
Suppose 488*b - 492*b = -152. What is the highest common factor of b and 1235?
19
Let d be (-13621)/1028*(-664)/1. What is the highest common factor of d and 166?
166
Suppose 115*n - 436712 = -70413 + 313926. What is the highest common factor of 35 and n?
35
Let v = 695 - 695. Suppose v = 26*t - 219 - 67. What is the greatest common divisor of 253 and t?
11
Let l be (81/6 + 1/(-2))*(-18)/(-2). Suppose 6*m - 90 = m. Calculate the greatest common divisor of m and l.
9
Let u(m) = -m**3 + 21*m**2 + 29*m - 832. Let x be u(19). What is the greatest common factor of x and 2009?
49
Let l(z) = -3*z + 48. Let o(w) = -45 + 7*w + 0*w - 8*w - 3*w. Let v be o(-15). Let s be l(v). What is the highest common factor of s and 6?
3
Let j(s) = -12*s - 14. Suppose -4*l = 2*l + 18. Let x be j(l). Calculate the greatest common divisor of 528 and x.
22
Let i(z) = -853*z**3 - z**2 - 7*z - 5. Let o be i(-1). Calculate the highest common factor of 732 and o.
122
Suppose 9*k = 6*k. Let r be 5 + -2 - k/((-8)/(-4)). Suppose -a - s + 0*s = -68, r*a - 216 = 3*s. What is the highest common factor of 105 and a?
35
Suppose -26 = -h + 9. Suppose 5*v - 4*j = 142, 0 = -5*v + 16*j - 20*j + 158. Let b = h - v. What is the highest common factor of b and 20?
5
Let k(d) = d**2 - 7*d - 48. Let h be k(12). Let p(m) = -28*m + 30. Let u be p(-3). Calculate the greatest common divisor of h and u.
6
Let d(b) = b**2 - 4*b - 1. Let i(k) = 7*k**2 + 28*k - 21. Let z(u) = 5*d(u) - i(u). Let r be z(-20). What is the greatest common divisor of 66 and r?
22
Let v be (-54228)/(-52) + (-44)/(-286). What is the greatest common factor of v and 2?
1
Let x = -218 - -799. Let d = -565 + x. Let h(o) = 5*o**2 + 8*o - 4. Let z be h(-6). What is the greatest common factor of z and d?
16
Let o be 604/453*51/4. Calculate the greatest common divisor of o and 2227.
17
Let h = -1376 + 1846. What is the highest common divisor of h and 141?
47
Suppose 4 = -3*r + 13. Let u(y) = -r*y - 6*y - 4 + 8*y + 12. Let s be u(-12). Calculate the highest common factor of 5 and s.
5
Let d = -4442 + 4637. What is the greatest common factor of d and 1635?
15
Let v(i) = i**2 - 1438*i - 27617. Let c be v(-19). Let t = 0 - -18. Calculate the greatest common factor of c and t.
6
Let z(i) = -i**3 + 4*i**2 + 7*i + 15. Let k(w) = -w**3 - 10*w**2 - 5*w - 45. Let h be k(-10). Let u be z(h). What is the highest common divisor of 25 and u?
25
Suppose 566*c - 595*c + 1566 = 0. Calculate the highest common divisor of 198 and c.
18
Let r(i) = -121*i + 50. Let x be 2/5 + (-13 - (-66)/10). Let v be r(x). What is the highest common factor of v and 8?
8
Suppose 3*t - 2*b - 32 = 0, 31*b = 27*b - 4. Suppose 40 + 10 = q. Calculate the highest common divisor of q and t.
10
Let s be (-1 + 22)/((-12)/(-116)). Let w = s + -118. What is the greatest common factor of 34 and w?
17
Let k be (-3)/(-6) - (-1 + 468/(-8)). Suppose -k = -4*o + 3*s, -4*o + 4*s + 44 = -20. Calculate the highest common divisor of o and 24.
12
Let u be (1 + -27)/(4/826*-7). What is the highest common factor of 65 and u?
13
Let z(x) = 19 + 26*x - 3 + 12*x + 7. Let m be z(11). Suppose 3*n - m = -0*n. Calculate the greatest common factor of n and 21.
21
Let o = -408 - -412. Suppose -3*w - 36 = -4*w. Suppose o*m - w = -8*m. What is the highest common divisor of m and 2?
1
Suppose -25*t + 209433 - 31780 = -192647. What is the highest common divisor of t and 28?
28
Let a be (15 - 153)*(4 - 5). What is the highest common divisor of a and 368?
46
Let c be (0 + 3)*73 + -19 + (10 - -5). What is the greatest common factor of c and 45?
5
Suppose 3*x + 2*v = 3514, 1560 = 4*x - v - 3107. Calculate the highest common divisor of 73 and x.
73
Suppose 4*s = -10*s + 16*s - 308. Calculate the greatest common divisor of 329 and s.
7
Suppose 155*s + 2595 = 160*s. Suppose -s*p = -526*p + 154. What is the highest common factor of p and 286?
22
Suppose 0 = -4*x + 5*i + 78, i - 2 = -x + 22. Let o(s) = -s**2 - 4*s - 1. Let d be o(-9). Let f = d - -79. Calculate the greatest common factor of x and f.
11
Let m = 11 + -6. Let n(y) = 13*y + 11. Let a(x) = 16*x + 12. Let o(i) = -2*a(i) + 3*n(i). Let u be o(m). Calculate the highest common divisor of u and 11.
11
Let n = 25535 + -23624. Calculate the greatest common divisor of n and 7371.
273
Suppose -5*j + 1651 = 3*b + 426, -2*b - 4*j = -818. What is the highest common divisor of b and 1125?
45
Let d(r) = 2*r**2 + 14*r + 4. Let p be d(-6). Let l = 40 + p. Let c = l - 23. What is the highest common divisor of c and 99?
9
Let l be 2 + 1 - (-227 + (21 - 26)). Calculate the greatest common factor of 94 and l.
47
Suppose -4*h - 2*j = -12052, -h - 1544 = -2*j - 4557. What is the highest common divisor of h and 69?
23
Suppose 0 = -0*v - 5*v + 10. Suppose -8*t + 84 = -v*t. Suppose m + 2*y = 7 + t, 3*m - 3*y - 81 = 0. What is the highest common divisor of 100 and m?
25
Let a be -1*(-36)/10*(-45)/(-18). What is the greatest common factor of 4113 and a?
9
Suppose -198 = -5*s + 2*s. Suppose 4*u - 5*n = 461, 3*u + 0*u = -5*n + 337. Let k = u - s. Calculate the highest common divisor of k and 6.
6
Let k = 51 + 14. Suppose 2*n - 40 = 3*g, 23 = -g - g + 5*n. Let h be 6/12 + (-6)/4 - g. What is the greatest common factor of h and k?
13
Let s = 18223 + -18175. What is the highest common factor of 4488 and s?
24
Suppose -313 = -2*w - 3*f + 59, f = -5*w + 904. Let m = w + -144. What is the highest common divisor of m and 324?
36
Let l(w) = w**3 - w**2 - 58*w + 296. Let o be l(6). What is the greatest common divisor of 19584 and o?
128
Let i = 46 - 41. Suppose 7*s - 10 = i*s. Suppose s*k - 10 = 75. What is the greatest common divisor of 119 and k?
17
Suppose -p + p = -3*p. Suppose p = o + 6*i - 2*i - 785, 4*o - i = 3106. Calculate the highest common factor of 21 and o.
21
Let i = 83 + -79. Suppose 3*p = -2*q - 50, 4*p - i*q = 5*p + 10. Let u = p + 113. What is the highest common divisor of u and 19?
19
Suppose 3*w - 87 = -4*d, 0*d - 42 = -w + 3*d. Let b = -326 - 34. Let u = b + 393. Calculate the greatest common divisor of w and u.
33
Let o be 1717 + (-16)/28*-21. Calculate the greatest common factor of o and 266.
133
Let n be (40/6 - 6)*510. Suppose 107*y - 112*y = -n. What is the highest common divisor of y and 306?
34
Let x(p) = -3*p**3 - 183*p**2 - 354*p + 18. Let j be x(-59). What is the greatest common divisor of 954 and j?
18
Let p(u) = -118*u - 5018. Let a be p(-93). What is the highest common divisor of a and 12?
4
Let z be ((-6)/9 - 2/(-12))*0. Suppose z = -10*t + 5*t + 240. Suppose -6*d + t = -4*d. What is the highest common divisor of 6 and d?
6
Suppose 57 = 4*n + b - 11, b - 34 = -2*n. Let p = n - 15. Suppose -p*o = -3 - 5, 0 = 3*y - 2*o - 337. What is the gre